{"id":8,"date":"2015-08-07T13:05:21","date_gmt":"2015-08-07T11:05:21","guid":{"rendered":"http:\/\/www.tanzschulepeterhansl.de\/v4\/?page_id=8"},"modified":"2019-10-01T16:29:49","modified_gmt":"2019-10-01T14:29:49","slug":"impressum","status":"publish","type":"page","link":"https:\/\/www.tanzschulepeterhansl.de\/v4\/impressum\/","title":{"rendered":"Impressum"},"content":{"rendered":"<h1>Impressum<\/h1>\n<p>Hinweise gem\u00e4\u00df \u00a75 Teledienstgesetz (TDG)<\/p>\n<p><strong>Tanzschule Peterhansl &#8211; Le Bal<\/strong><br \/>\nRegierungsplatz 542<br \/>\n84028 Landshut<br \/>\nTelefon: 0871 \/ 2 16 41<br \/>\nE-Mail: info@tanzschulepeterhansl.de<\/p>\n<p>Gerichtsstand: Landshut<\/p>\n<p>Steuernummer: 132 217 00656<\/p>\n<p>Einzelunternehmen \/ Inhaber: Til Fiori \/ Betriebsleitung: Florian M. G. Erhart<\/p>\n<p>Inhaltlich Verantwortlicher gem\u00e4\u00df Paragraph 10 Absatz 3 MDStV:<br \/>\nTil Fiori<\/p>\n<p>&nbsp;<\/p>\n<p><strong>Haftungshinweis<\/strong>: Trotz sorgf\u00e4ltiger inhaltlicher Kontrolle \u00fcbernehmen wir keine Haftung f\u00fcr die Inhalte externer Links. F\u00fcr den Inhalt der verlinkten Seiten sind ausschlie\u00dflich deren Betreiber verantwortlich.<\/p>\n<p>&nbsp;<\/p>\n<h1>Bildnachweis shutterstock<\/h1>\n<p>shutterstock_78580807.jpg @\u00a0<a href=\"http:\/\/www.shutterstock.com\/gallery-305215p1.html\">Viorel Sima<\/a>\u00a0\/\u00a0www.shutterstock.com<\/p>\n<p>shutterstock_86373343.jpg @\u00a0<a href=\"http:\/\/www.shutterstock.com\/gallery-55550p1.html\">kurhan<\/a>\u00a0\/\u00a0www.shutterstock.com<\/p>\n<p>shutterstock_112452152.jpg @\u00a0<a href=\"http:\/\/www.shutterstock.com\/gallery-420463p1.html\">Mihai Blanaru<\/a>\u00a0\/\u00a0www.shutterstock.com<\/p>\n<p>shutterstock_224443831.jpg @\u00a0<a href=\"http:\/\/www.shutterstock.com\/gallery-254635p1.html\">Konstantin Chagin<\/a>\u00a0\/\u00a0www.shutterstock.com<\/p>\n<p>shutterstock_631787675<\/p>\n<p>shutterstock_374254318<\/p>\n<p>shutterstock_409909057<\/p>\n<p>shutterstock_662570674<\/p>\n<p>shutterstock_181455449<\/p>\n<p>shutterstock_1057007150<\/p>\n<p>&nbsp;<\/p>\n<p>&nbsp;<\/p>\n","protected":false},"excerpt":{"rendered":"<p>Impressum Hinweise gem\u00e4\u00df \u00a75 Teledienstgesetz (TDG) Tanzschule Peterhansl &#8211; Le Bal Regierungsplatz 542 84028 Landshut Telefon: 0871 \/ 2 16 41 E-Mail: info@tanzschulepeterhansl.de Gerichtsstand: Landshut Steuernummer: 132 217 00656 Einzelunternehmen \/ Inhaber: Til Fiori \/ Betriebsleitung: Florian M. G. Erhart Inhaltlich Verantwortlicher gem\u00e4\u00df Paragraph 10 Absatz 3 MDStV: Til Fiori &nbsp; Haftungshinweis: Trotz sorgf\u00e4ltiger inhaltlicher<\/p>\n<p><a href=\"https:\/\/www.tanzschulepeterhansl.de\/v4\/impressum\/\" class=\"read-more\">weiterlesen &rarr;<\/a><\/p>\n","protected":false},"author":1,"featured_media":0,"parent":0,"menu_order":0,"comment_status":"closed","ping_status":"closed","template":"","meta":{"footnotes":""},"class_list":["post-8","page","type-page","status-publish","hentry"],"_links":{"self":[{"href":"https:\/\/www.tanzschulepeterhansl.de\/v4\/wp-json\/wp\/v2\/pages\/8","targetHints":{"allow":["GET"]}}],"collection":[{"href":"https:\/\/www.tanzschulepeterhansl.de\/v4\/wp-json\/wp\/v2\/pages"}],"about":[{"href":"https:\/\/www.tanzschulepeterhansl.de\/v4\/wp-json\/wp\/v2\/types\/page"}],"author":[{"embeddable":true,"href":"https:\/\/www.tanzschulepeterhansl.de\/v4\/wp-json\/wp\/v2\/users\/1"}],"replies":[{"embeddable":true,"href":"https:\/\/www.tanzschulepeterhansl.de\/v4\/wp-json\/wp\/v2\/comments?post=8"}],"version-history":[{"count":11,"href":"https:\/\/www.tanzschulepeterhansl.de\/v4\/wp-json\/wp\/v2\/pages\/8\/revisions"}],"predecessor-version":[{"id":671,"href":"https:\/\/www.tanzschulepeterhansl.de\/v4\/wp-json\/wp\/v2\/pages\/8\/revisions\/671"}],"wp:attachment":[{"href":"https:\/\/www.tanzschulepeterhansl.de\/v4\/wp-json\/wp\/v2\/media?parent=8"}],"curies":[{"name":"wp","href":"https:\/\/api.w.org\/{rel}","templated":true}]}}