{"id":16,"date":"2015-08-07T14:09:38","date_gmt":"2015-08-07T12:09:38","guid":{"rendered":"http:\/\/www.tanzschulepeterhansl.de\/v4\/?page_id=16"},"modified":"2026-04-07T16:08:23","modified_gmt":"2026-04-07T14:08:23","slug":"erwachsene","status":"publish","type":"page","link":"https:\/\/www.tanzschulepeterhansl.de\/v4\/kurse\/erwachsene\/","title":{"rendered":"Erwachsene"},"content":{"rendered":"<h1>Erkl\u00e4rung<\/h1>\n<p>Wenn Sie noch keine Tanzerfahrung haben und\/oder von Anfang an beginnen wollen, dann ist der Grundkurs genau das richtige. Sie haben die M\u00f6glichkeit w\u00f6chentlich mit Ihrem Kurs zu beginnen. Einfache Grundschritte und viel Spa\u00df machen den Grundkurs zu einem sehr kurzweiligem Vergn\u00fcgen. Die Kursdauer betr\u00e4gt 6 x 90 Minuten. Unser Grundkurs f\u00fcr Erwachsene ist laufend und rollierend, weshalb Sie <strong><span style=\"color: #ff0000;\">unmittelbar in der gleichen Woche oder Folgewoche Ihrer Anmeldung starten!<\/span><\/strong><\/p>\n<p>F\u00fcr erweiterte Grundschritte, Basisfiguren und Technische Grundlagen bietet die Aufbaustufe die beste Plattform. Sie k\u00f6nnen jederzeit in den laufenden Kurs einsteigen. Wie lange Sie diesen Kurs besuchen wollen, \u00fcberlassen wir ganz Ihnen, empfehlen allerdings eine Mindestdauer von 12 Kurseinheiten.<\/p>\n<p>In der Mittelstufe k\u00f6nnen Sie Ihre t\u00e4nzerischen F\u00e4higkeiten intensivieren. Tanztechnik, Fortgeschrittene Figuren und Kombinationen, \u00dcbungsanleitungen sowie weitere T\u00e4nze f\u00fcr Tanzerfahrene helfen Ihnen dabei.<\/p>\n<p>Tanzkreis: Hier ist der richtige Platz f\u00fcr alle die das Tanzen als Hobby genie\u00dfen wollen und \u00fcber gute t\u00e4nzerische F\u00e4higkeiten verf\u00fcgen. F\u00fcr eine Anmeldung rufen Sie uns bitte an!<\/p>\n<p>Sport Club: F\u00fcr alle die weit mehr wollen als nur Hobby-Tanz. Unterricht auf sehr hohem Niveau. Tanztechnik, Turniertanz, Turnierfolgen, Sport-Training, Turniervorbereitung. Rising Star; SupaLeague; und weiter hoch&#8230; F\u00fcr eine Anmeldung rufen Sie uns bitte an!<\/p>\n<p><span style=\"color: #993300;\"><strong>GRUNDKURS (Welche T\u00e4nze in welcher Kalenderwoche?):<\/strong><\/span><\/p>\n<p><span style=\"color: #993300;\"><strong>LW = Langsamer Walzer; JI = Jive; DF = Discofox; RU = Rumba; CA = ChaCha; TA = Tango<\/strong><\/span><\/p>\n<p><span style=\"color: #993300;\"><strong> KW16 CA &amp; DF \/ KW17 DF &amp; TA \/ KW18 TA &amp; JI \/ KW19 JI &amp;LW \/ KW20 LW &amp; RU \/ <span style=\"color: #ff0000;\">KW21 RU &amp; CA<\/span><\/strong><\/span><\/p>\n<p><span style=\"color: #993300;\"><strong> KW24 CA &amp; DF \/ KW25 DF &amp; TA \/ KW26 TA &amp; JI \/ KW27 JI &amp;LW \/ <span style=\"color: #993300;\">KW28 LW &amp; RU<\/span> \/ KW29 RU &amp; CA<\/strong><\/span><\/p>\n<p><span style=\"color: #993300;\"><strong>KW30 CA &amp; DF \/ KW31 DF &amp; TA \/ KW32 TA &amp; JI \/ KW35 JI &amp;LW \/ KW36 LW &amp; RU \/ KW37 RU &amp; CA<\/strong><\/span><\/p>\n<p><span style=\"color: #993300;\"><strong>KW38 CA &amp; DF \/ KW39 DF &amp; TA \/ KW40 TA &amp; JI \/ KW41 JI &amp;LW \/ KW42 LW &amp; RU \/ KW43 RU &amp; CA<\/strong><\/span><\/p>\n<p>&nbsp;<\/p>\n<ul>\n<li><strong><span style=\"color: #ff0000;\">In den Kalenderwochen 22, 23, 33 und 34 finden keine Grundkurse statt!<\/span><\/strong><\/li>\n<li><span style=\"color: #ff0000;\"><strong>In der Kalenderwoche 21 findet nur der Kurs am Montag statt. Die Stunde am Freitag nicht!<\/strong><\/span><\/li>\n<\/ul>\n<h1>Anmeldung<\/h1>\n<table class=\"table table-condensed\"><thead><tr><th>Kurs\/Veranstaltung<\/th><th>Beginn<\/th><th>Dauer<\/th><th>Preis<\/th><th>Optionen<\/th><\/tr><\/thead><tbody><tr><td>Aufbaustufe<\/td><td>Mo. 21:30 Uhr<\/td><td>lfd.<\/td><td>49 Euro  (pro Person \/ Monat \/ Club)<\/td><td><form name=\"scmRegister_179\" action=\"?action=register\" method=\"post\"><select name=\"scmPersons\"><option value=\"1\">1<\/option><option value=\"2\">2<\/option><\/select> Person(en)<input type=\"hidden\" value=\"179\" name=\"scmID\" \/><input type=\"hidden\" value=\"Aufbaustufe\" name=\"scmCourse\" \/><input type=\"hidden\" value=\"Le Bal\" name=\"scmLocation\" \/><input type=\"hidden\" value=\"Mo. 21:30 Uhr\" name=\"scmStart\" \/><input type=\"hidden\" value=\"38\" name=\"scmLimit\" \/><input type=\"hidden\" value=\"49\" name=\"scmPrice\" \/><input type=\"hidden\" value=\"cc6e248e45\" name=\"scmCheck\" \/>&nbsp;<input type=\"submit\" value=\"anmelden\" name=\"scmSubmit\" \/><\/form><\/td><\/tr><tr><td>Aufbaustufe<\/td><td>Do. 18:30 Uhr<\/td><td>lfd<\/td><td>49 Euro  (pro Person \/ Monat \/ Club)<\/td><td><form name=\"scmRegister_180\" action=\"?action=register\" method=\"post\"><select name=\"scmPersons\"><option value=\"1\">1<\/option><option value=\"2\">2<\/option><\/select> Person(en)<input type=\"hidden\" value=\"180\" name=\"scmID\" \/><input type=\"hidden\" value=\"Aufbaustufe\" name=\"scmCourse\" \/><input type=\"hidden\" value=\"Le Bal\" name=\"scmLocation\" \/><input type=\"hidden\" value=\"Do. 18:30 Uhr\" name=\"scmStart\" \/><input type=\"hidden\" value=\"40\" name=\"scmLimit\" \/><input type=\"hidden\" value=\"49\" name=\"scmPrice\" \/><input type=\"hidden\" value=\"372af5d023\" name=\"scmCheck\" \/>&nbsp;<input type=\"submit\" value=\"anmelden\" name=\"scmSubmit\" \/><\/form><\/td><\/tr><tr><td>Grundkurs<\/td><td>Mo. 19:45 Uhr<\/td><td>6 x 90 Min.<\/td><td>110 Euro  (pro Person)<\/td><td><form name=\"scmRegister_176\" action=\"?action=register\" method=\"post\"><select name=\"scmPersons\"><option value=\"1\">1<\/option><option value=\"2\">2<\/option><\/select> Person(en)<input type=\"hidden\" value=\"176\" name=\"scmID\" \/><input type=\"hidden\" value=\"Grundkurs\" name=\"scmCourse\" \/><input type=\"hidden\" value=\"Le Bal\" name=\"scmLocation\" \/><input type=\"hidden\" value=\"Mo. 19:45 Uhr\" name=\"scmStart\" \/><input type=\"hidden\" value=\"42\" name=\"scmLimit\" \/><input type=\"hidden\" value=\"110\" name=\"scmPrice\" \/><input type=\"hidden\" value=\"97795c802b\" name=\"scmCheck\" \/>&nbsp;<input type=\"submit\" value=\"anmelden\" name=\"scmSubmit\" \/><\/form><\/td><\/tr><tr><td>Grundkurs<\/td><td>Fr. 19:00 Uhr<\/td><td>6 x 90 Min.<\/td><td>110 Euro  (pro Person)<\/td><td><form name=\"scmRegister_177\" action=\"?action=register\" method=\"post\"><select name=\"scmPersons\"><option value=\"1\">1<\/option><option value=\"2\">2<\/option><\/select> Person(en)<input type=\"hidden\" value=\"177\" name=\"scmID\" \/><input type=\"hidden\" value=\"Grundkurs\" name=\"scmCourse\" \/><input type=\"hidden\" value=\"Le Bal\" name=\"scmLocation\" \/><input type=\"hidden\" value=\"Fr. 19:00 Uhr\" name=\"scmStart\" \/><input type=\"hidden\" value=\"50\" name=\"scmLimit\" \/><input type=\"hidden\" value=\"110\" name=\"scmPrice\" \/><input type=\"hidden\" value=\"c2b55158e5\" name=\"scmCheck\" \/>&nbsp;<input type=\"submit\" value=\"anmelden\" name=\"scmSubmit\" \/><\/form><\/td><\/tr><tr><td>Mittelstufe<\/td><td>Mi. 18:30 Uhr<\/td><td>lfd<\/td><td>49 Euro  (pro Person \/ Monat \/ Club)<\/td><td><form name=\"scmRegister_221\" action=\"?action=register\" method=\"post\"><select name=\"scmPersons\"><option value=\"1\">1<\/option><option value=\"2\">2<\/option><\/select> Person(en)<input type=\"hidden\" value=\"221\" name=\"scmID\" \/><input type=\"hidden\" value=\"Mittelstufe\" name=\"scmCourse\" \/><input type=\"hidden\" value=\"Le Bal\" name=\"scmLocation\" \/><input type=\"hidden\" value=\"Mi. 18:30 Uhr\" name=\"scmStart\" \/><input type=\"hidden\" value=\"40\" name=\"scmLimit\" \/><input type=\"hidden\" value=\"49\" name=\"scmPrice\" \/><input type=\"hidden\" value=\"37f34e5819\" name=\"scmCheck\" \/>&nbsp;<input type=\"submit\" value=\"anmelden\" name=\"scmSubmit\" \/><\/form><\/td><\/tr><tr><td>Mittelstufe<\/td><td>Do. 21:00 Uhr<\/td><td>lfd<\/td><td>49 Euro  (pro Person \/ Monat \/ Club)<\/td><td><form name=\"scmRegister_222\" action=\"?action=register\" method=\"post\"><select name=\"scmPersons\"><option value=\"1\">1<\/option><option value=\"2\">2<\/option><\/select> Person(en)<input type=\"hidden\" value=\"222\" name=\"scmID\" \/><input type=\"hidden\" value=\"Mittelstufe\" name=\"scmCourse\" \/><input type=\"hidden\" value=\"Le Bal\" name=\"scmLocation\" \/><input type=\"hidden\" value=\"Do. 21:00 Uhr\" name=\"scmStart\" \/><input type=\"hidden\" value=\"40\" name=\"scmLimit\" \/><input type=\"hidden\" value=\"49\" name=\"scmPrice\" \/><input type=\"hidden\" value=\"e686b32d14\" name=\"scmCheck\" \/>&nbsp;<input type=\"submit\" value=\"anmelden\" name=\"scmSubmit\" \/><\/form><\/td><\/tr><\/tbody><\/table>\n","protected":false},"excerpt":{"rendered":"<p>Erkl\u00e4rung Wenn Sie noch keine Tanzerfahrung haben und\/oder von Anfang an beginnen wollen, dann ist der Grundkurs genau das richtige. Sie haben die M\u00f6glichkeit w\u00f6chentlich mit Ihrem Kurs zu beginnen. Einfache Grundschritte und viel Spa\u00df machen den Grundkurs zu einem sehr kurzweiligem Vergn\u00fcgen. Die Kursdauer betr\u00e4gt 6 x 90 Minuten. Unser Grundkurs f\u00fcr Erwachsene ist<\/p>\n<p><a href=\"https:\/\/www.tanzschulepeterhansl.de\/v4\/kurse\/erwachsene\/\" class=\"read-more\">weiterlesen &rarr;<\/a><\/p>\n","protected":false},"author":1,"featured_media":477,"parent":4,"menu_order":0,"comment_status":"closed","ping_status":"closed","template":"","meta":{"footnotes":""},"class_list":["post-16","page","type-page","status-publish","has-post-thumbnail","hentry","has_thumb"],"_links":{"self":[{"href":"https:\/\/www.tanzschulepeterhansl.de\/v4\/wp-json\/wp\/v2\/pages\/16","targetHints":{"allow":["GET"]}}],"collection":[{"href":"https:\/\/www.tanzschulepeterhansl.de\/v4\/wp-json\/wp\/v2\/pages"}],"about":[{"href":"https:\/\/www.tanzschulepeterhansl.de\/v4\/wp-json\/wp\/v2\/types\/page"}],"author":[{"embeddable":true,"href":"https:\/\/www.tanzschulepeterhansl.de\/v4\/wp-json\/wp\/v2\/users\/1"}],"replies":[{"embeddable":true,"href":"https:\/\/www.tanzschulepeterhansl.de\/v4\/wp-json\/wp\/v2\/comments?post=16"}],"version-history":[{"count":36,"href":"https:\/\/www.tanzschulepeterhansl.de\/v4\/wp-json\/wp\/v2\/pages\/16\/revisions"}],"predecessor-version":[{"id":1468,"href":"https:\/\/www.tanzschulepeterhansl.de\/v4\/wp-json\/wp\/v2\/pages\/16\/revisions\/1468"}],"up":[{"embeddable":true,"href":"https:\/\/www.tanzschulepeterhansl.de\/v4\/wp-json\/wp\/v2\/pages\/4"}],"wp:featuredmedia":[{"embeddable":true,"href":"https:\/\/www.tanzschulepeterhansl.de\/v4\/wp-json\/wp\/v2\/media\/477"}],"wp:attachment":[{"href":"https:\/\/www.tanzschulepeterhansl.de\/v4\/wp-json\/wp\/v2\/media?parent=16"}],"curies":[{"name":"wp","href":"https:\/\/api.w.org\/{rel}","templated":true}]}}